
What is the greatest common factor of 3672 and 441?
9
Calculate the highest common factor of 2855 and 55.
5
What is the highest common factor of 3392 and 17384?
424
What is the greatest common divisor of 1828695 and 330?
165
What is the greatest common divisor of 28 and 8750?
14
What is the highest common factor of 1067 and 13289?
97
Calculate the greatest common divisor of 30 and 68630.
10
What is the highest common factor of 38951 and 880?
11
Calculate the greatest common divisor of 11320 and 680.
40
What is the highest common factor of 832 and 218504?
104
Calculate the highest common factor of 179258 and 564.
94
What is the highest common factor of 405 and 225?
45
Calculate the highest common divisor of 132 and 928158.
66
What is the greatest common factor of 3445 and 19345?
265
What is the greatest common divisor of 6292 and 10348?
52
Calculate the greatest common divisor of 1908 and 1152.
36
What is the greatest common divisor of 5920 and 165575?
185
What is the greatest common factor of 20664 and 2051?
7
Calculate the greatest common divisor of 1569969 and 18.
9
Calculate the greatest common divisor of 195432 and 816.
408
Calculate the highest common factor of 7680 and 10368.
384
Calculate the greatest common divisor of 2576 and 23506.
322
What is the greatest common factor of 1119 and 5421?
3
What is the greatest common factor of 76167 and 34047?
351
Calculate the highest common factor of 182 and 50848.
14
What is the greatest common factor of 380632 and 392?
392
What is the highest common divisor of 1625 and 6565?
65
Calculate the highest common factor of 2105 and 15577.
421
What is the greatest common factor of 12 and 167604?
12
What is the greatest common divisor of 4480 and 3640?
280
What is the highest common divisor of 1079 and 9276163?
1079
Calculate the highest common divisor of 9396 and 405.
81
Calculate the highest common factor of 14170 and 1690.
130
What is the greatest common divisor of 143 and 92378?
143
What is the greatest common factor of 76 and 8702?
38
Calculate the highest common factor of 47175 and 4080.
255
What is the highest common divisor of 1989 and 7761?
39
What is the highest common factor of 795 and 13250?
265
What is the greatest common factor of 1235 and 3185?
65
What is the highest common divisor of 400 and 1824600?
200
Calculate the greatest common factor of 14 and 2212.
14
What is the greatest common divisor of 322 and 7613?
23
Calculate the highest common divisor of 421 and 5942836.
421
Calculate the greatest common divisor of 252849 and 2937.
267
What is the highest common divisor of 45 and 515637?
9
Calculate the highest common divisor of 13242 and 75.
3
What is the greatest common factor of 634 and 317?
317
Calculate the greatest common factor of 209197 and 47.
47
What is the greatest common divisor of 2019919 and 517?
517
Calculate the greatest common factor of 159618 and 888.
222
Calculate the greatest common factor of 67648 and 9408.
448
Calculate the greatest common divisor of 126924 and 60.
12
Calculate the highest common factor of 110 and 15670270.
110
Calculate the greatest common divisor of 36 and 123894.
18
Calculate the greatest common divisor of 390 and 16530.
30
Calculate the highest common factor of 4368 and 35616.
336
What is the greatest common factor of 2982 and 3318?
42
Calculate the greatest common divisor of 9823 and 24299.
517
Calculate the highest common divisor of 1184 and 1295.
37
Calculate the highest common factor of 450 and 2270.
10
Calculate the greatest common divisor of 35987 and 10185.
679
Calculate the greatest common divisor of 400 and 155900.
100
What is the greatest common factor of 61 and 11896159?
61
Calculate the highest common factor of 141 and 3247230.
141
What is the highest common divisor of 8346 and 149586?
642
Calculate the highest common divisor of 484747 and 1646.
823
Calculate the highest common factor of 322 and 946519.
161
Calculate the highest common divisor of 7182 and 11628.
342
Calculate the greatest common divisor of 264 and 4838856.
264
What is the greatest common factor of 44992 and 296?
296
Calculate the greatest common factor of 630 and 364860.
90
Calculate the highest common divisor of 16330 and 90.
10
What is the greatest common factor of 22727 and 7?
1
What is the highest common factor of 648455 and 159?
53
What is the greatest common divisor of 54 and 597231?
9
What is the highest common factor of 816 and 54?
6
What is the highest common divisor of 134 and 6752528?
134
Calculate the greatest common factor of 475 and 200.
25
Calculate the greatest common divisor of 1786 and 35814.
94
What is the highest common divisor of 73431 and 1194?
597
What is the highest common divisor of 888 and 123528?
24
Calculate the highest common divisor of 8580 and 4368.
156
What is the highest common factor of 11640 and 1067?
97
Calculate the greatest common factor of 17513 and 10624.
83
What is the greatest common divisor of 1323 and 5376?
21
What is the highest common factor of 158 and 9559?
79
What is the highest common factor of 323401 and 13?
13
Calculate the highest common factor of 1200 and 8475.
75
What is the greatest common factor of 31 and 887?
1
What is the highest common factor of 1678280 and 70?
10
What is the greatest common factor of 220932 and 7068?
228
What is the greatest common divisor of 102 and 75310?
34
What is the highest common divisor of 8120 and 2680?
40
What is the greatest common factor of 235 and 10?
5
What is the highest common divisor of 404 and 1209778?
202
Calculate the greatest common factor of 6050 and 16950.
50
Calculate the greatest common factor of 53628 and 2725.
109
Calculate the highest common factor of 168 and 2226.
42
Calculate the highest common factor of 57889 and 51545.
793
Calculate the highest common factor of 997 and 1178454.
997
What is the greatest common factor of 409885 and 1617?
49
What is the greatest common divisor of 15399 and 118?
59
What is the highest common divisor of 147 and 1848819?
147
Calculate the highest common factor of 22288 and 18788.
28
What is the highest common divisor of 3910 and 8878?
46
Calculate the greatest common factor of 1980 and 12430.
110
What is the highest common divisor of 278231 and 46?
23
Calculate the highest common divisor of 6600 and 1000.
200
What is the greatest common divisor of 130 and 5790?
10
What is the highest common divisor of 5561 and 166?
83
What is the highest common divisor of 17 and 15011?
17
Calculate the greatest common factor of 1400 and 126.
14
Calculate the greatest common divisor of 7317 and 460158.
813
Calculate the greatest common divisor of 13407 and 984.
123
Calculate the highest common factor of 544 and 5132.
4
What is the highest common factor of 402770 and 40?
10
Calculate the highest common factor of 574370 and 380.
190
What is the highest common divisor of 125888 and 14?
14
Calculate the greatest common factor of 1682008 and 424.
424
What is the highest common divisor of 4926 and 7212?
6
Calculate the highest common divisor of 752 and 38164.
188
What is the greatest common divisor of 92 and 62399?
23
What is the greatest common factor of 147 and 82663?
49
What is the greatest common divisor of 5832 and 4008?
24
Calculate the greatest common factor of 15170 and 4810.
370
What is the highest common factor of 254 and 277368?
254
Calculate the highest common factor of 49206 and 30024.
834
Calculate the greatest common divisor of 275 and 2431220.
55
What is the highest common divisor of 52007 and 2779?
397
What is the greatest common divisor of 159 and 16482?
3
Calculate the greatest common divisor of 70 and 21742.
14
What is the highest common divisor of 1175 and 1457?
47
Calculate the highest common divisor of 6705 and 90.
45
What is the greatest common divisor of 16590 and 510?
30
Calculate the greatest common divisor of 9 and 343071.
9
Calculate the highest common factor of 47979 and 54.
27
Calculate the greatest common divisor of 791 and 166223.
113
Calculate the greatest common divisor of 95529 and 42.
21
Calculate the highest common factor of 300 and 1868925.
75
Calculate the highest common divisor of 52 and 429676.
52
What is the greatest common divisor of 2258 and 3613929?
1129
Calculate the highest common divisor of 6487 and 13473